5 is divided by y?
70
Let s = 341 + -307. What is the remainder when 115 is divided by s?
13
Suppose 15 = 5*p, 18*s + 3*p - 77 = 14*s. What is the remainder when 100 is divided by s?
15
Suppose 3*g - 2*g = -2*f + 31, 0 = -2*f + 4*g + 6. Calculate the remainder when 47 is divided by f.
8
Suppose -17*a = -19*a. Suppose a = 5*v - 5, 0*x = 2*x + 5*v - 101. Calculate the remainder when 95 is divided by 1/((10/5)/x).
23
Let n(d) = -2*d**3 - 4*d**2 - 4*d + 2. What is the remainder when 105 is divided by n(-3)?
9
Let k = -20 + 26. Suppose k*q - q = -3*n + 14, 3*q + 14 = n. Suppose 145 = -v + 6*v. What is the remainder when v is divided by n?
5
Let r(u) = -u**3 + 23*u**2 - 28*u + 9. Let a be r(22). Let i = 167 + a. What is the remainder when i is divided by 23?
21
Suppose 0 = 4*r + 4*d - 648, d + 506 = 4*r - 127. Suppose -r = -5*s + 116. Calculate the remainder when s is divided by 19.
17
Let y(l) = -l**3 - 12*l**2 - 14*l - 22 + l**2 - 12 + l**2. What is the remainder when y(-9) is divided by 5?
1
Let b(l) = l**2 + 8*l - 5. Let k be b(6). Suppose 20 = 3*i - k. What is the remainder when i is divided by 9?
6
Let x = -11 - -20. Suppose -x - 43 = -a. Let n = a + -30. Calculate the remainder when 43 is divided by n.
21
Let l(f) = -f**2 - 4 - 3*f + f + 3*f**2 - f**2. Calculate the remainder when l(7) is divided by 6*51/(-12)*2/(-3).
14
Let g(x) = -x**2 + 43*x + 166. Calculate the remainder when 91 is divided by g(45).
15
Let o(j) = -j**3 + 3*j**2 + 42*j + 3. Calculate the remainder when 295 is divided by o(-6).
70
Suppose -10*f + 828 = 85*f - 49*f. Let x = 34 - -107. Calculate the remainder when x is divided by f.
15
Let s = 5 + -7. Calculate the remainder when 1923/27 + s - 2/9 is divided by 18.
15
Let u(l) = l**3 - 7*l**2 + 9*l - 12. Let b be u(6). Let f = b + 8. Let p(a) = -54*a. Calculate the remainder when p(-1) is divided by f.
12
What is the remainder when (360/32 - 13)*-40 is divided by 41?
29
Let w(x) = x**2 - 10*x + 6. Let c be w(10). Let z = 166 + -161. Suppose -c*l + 5*l + z = 0. Calculate the remainder when 18 is divided by l.
3
Let v = 944 - 811. Calculate the remainder when 928 is divided by v.
130
Suppose 3*m - 3 + 0 = 0. Let i = -122 - -124. Suppose 15*z + i = 17*z. Calculate the remainder when m is divided by z.
0
Let c be (-2)/(4/(-4)) - 2. Suppose 2*i + 2*q - 20 = 0, -3*i + 28 = -c*i + 5*q. What is the remainder when 30 is divided by i?
8
Suppose -n - n = -3*c + 36, 3*n = -c - 54. Let u = -11 - n. Let l = 1068 - 1052. Calculate the remainder when l is divided by u.
2
Suppose -2*g = 3*o - 219, 5*g - 500 = 12*o - 10*o. Calculate the remainder when g is divided by 36.
30
Let g(u) = -u**2 + 12*u + 11. Suppose 0 = -32*a + 35*a - 30. Calculate the remainder when 89 is divided by g(a).
27
Suppose -q - 20 + 1 = -k, -3*k - 5*q = -73. Calculate the remainder when 120 is divided by k.
15
Calculate the remainder when 170 - (-1)/(2 - 3) is divided by 43.
40
Let f(w) = -w**3 + 7*w**2 + 10*w. Let l(o) = -14*o + 38. What is the remainder when f(8) is divided by l(2)?
6
Let j(z) = -7*z + 14. Let q be j(3). What is the remainder when q - 1565/(-25) - (-2)/5 is divided by 29?
27
Suppose t + t - 56 = 4*g, 4*t = -g + 139. What is the remainder when 101 is divided by t?
33
Suppose -3*s - 5*j - 52 = 8, 5*j + 45 = -2*s. Suppose 0 = -3*w - 0*w - 1746. Calculate the remainder when (-5)/(-25) + w/s is divided by 21.
18
Let k(r) = r + 7. Let p = 17 + -17. Suppose -5*j + p*j + 4*u = 23, -4*j - 5*u = 2. Calculate the remainder when k(j) is divided by 2.
0
Let d(j) = -j**2 + 9*j - 9. Let f be ((-24)/30)/(3/15). What is the remainder when 1/(20/708) - f/(-10) is divided by d(6)?
8
Suppose 4*x = 1 + 7. Calculate the remainder when (3*x + 2)/((-8)/(-16)) is divided by 13.
3
Let s be 132/(-13) - (-4)/26. Let n = s + 35. What is the remainder when n is divided by (-61)/(-4) + 2/(-8)?
10
Suppose -87*a - 5*n = -85*a - 19, a = 2*n + 32. What is the remainder when (-960)/(-9) + (-2)/(-6) is divided by a?
19
Suppose -h - 1 = -10. Let n be (-4)/(-34) + 5/(85/202). Suppose 0 = -u + 3*q + 11, -2*q = 3*u - 4*u + n. Calculate the remainder when u is divided by h.
5
Let o = 9 + 12. Suppose 4*a - 9 = 19. Suppose -2*x = -a*x - 20, x - 176 = -3*d. Calculate the remainder when d is divided by o.
18
Let s(a) = -3*a - 13. Let m be s(-4). What is the remainder when (m/(-4))/((-1)/(-68)) is divided by 3?
2
Let z(w) = w - 6. Let h be (16/20)/(2/25). What is the remainder when 5 is divided by z(h)?
1
Suppose 3*m + 5*y - 4*y = 38, 2*m - 28 = 2*y. Let l(u) = 218*u + 154. Calculate the remainder when l(0) is divided by m.
11
Suppose 31*g = 32*g - 29. Let w(l) = -l**3 - l. What is the remainder when g is divided by w(-2)?
9
Suppose 0*g = 2*g. Let y = g + 16. Suppose 5*r - 44 = -2*x - 6, 4*r - y = -x. What is the remainder when x is divided by 9?
6
Calculate the remainder when -2 - ((-24)/(-3) + -1110) is divided by 138.
134
Suppose -30*q - 5219 + 14249 = 0. Calculate the remainder when q is divided by 52.
41
Suppose -2*a + 5*a = 312. What is the remainder when 102 is divided by -1*(a/(-1))/4?
24
Suppose 0 = -528*s + 517*s + 55. What is the remainder when 7 is divided by s?
2
Let y(a) = 7*a - 10. Let z be (-1)/(2/(-52)*1). Suppose -5 + z = 3*n. What is the remainder when 75 is divided by y(n)?
36
Let h be 6/(-39) + (-2355)/(-13). Let z = h - 68. What is the remainder when z is divided by (-326)/(-14) + 2/(-7)?
21
Let k = 31 - 26. Suppose -9 = -3*u - 3*r, -3*r + 2*r + 3 = k*u. Let w(m) = -m**2 + 102. What is the remainder when w(u) is divided by 26?
24
Let a(s) = -35*s**3 + 4*s**2 - s - 2. Let w be a(1). Calculate the remainder when 43 is divided by (6 + w/6)/(2/108).
7
Let x = -8 - -11. Suppose -1 = x*z - 7. Suppose r - z*q - 12 = 0, r - 5*q = 5*r - 113. What is the remainder when r is divided by 8?
6
Let p be 4/20 - 18/(-10). Let z(g) = -3*g**2 - 8*g - g + 3*g**p - 4 - g**2. Calculate the remainder when z(-5) is divided by 9.
7
Let a be (1 - 1805/25)/(2/(-5)). Suppose 5*h = -2*s + h + a, 5*s = -2*h + 413. Calculate the remainder when s is divided by 28.
25
Let j be (-3 - -6) + (5 - -40). Let i = j - 27. Let v(t) = t**2 + 3*t - 6. Calculate the remainder when i is divided by v(-6).
9
Let w(r) be the first derivative of -r**3/3 - 9*r**2/2 - 5*r - 4. Suppose 3*c + 20 = 41. Calculate the remainder when w(-6) is divided by c.
6
Let r = -25 + 60. What is the remainder when r - (0 + 4) - 2 is divided by 7?
1
Suppose -5*t + 8*t = 15. Suppose -756 = -5*j + s, -t*j - 2*s = -0*s - 753. Calculate the remainder when j is divided by 38 - -1 - (2 + -1).
37
Suppose -2*i + 3*x + 169 = 0, -2*i - 3*x + 151 = -0*x. What is the remainder when 96 is divided by (660/i)/((-2)/(-8))?
30
Let z(m) = -20*m + 7. Calculate the remainder when z(-7) is divided by 37.
36
Suppose 0 = 43*a - 47*a + 3*s + 219, 3*s + 3 = 0. Suppose 4*q - 8 = 0, 3*q - 12 = 5*m + 2*q. Calculate the remainder when a is divided by 20 - m*3/(-6).
16
Let o = 12 + -7. Suppose 4*y + 5*v = -17, -o*v = 2*y - 7*y - 10. Calculate the remainder when (y + 2)/(2/(-34)) is divided by 9.
8
Let z be 2/2*(-1353)/(-3). Suppose -u + 12*u - z = 0. What is the remainder when u is divided by 14?
13
Suppose -p = 3*d - 8*d + 181, -2*d = 3*p - 86. Calculate the remainder when d is divided by 15.
7
Let l = -18 - -18. Suppose -v = -l*v - 12. Let c(g) = -g + 27. Calculate the remainder when 27 is divided by c(v).
12
Let d(i) be the third derivative of -i**5/60 - 3*i**4/4 - 5*i**3/3 - 2*i**2. Let b = -23 + 39. Calculate the remainder when d(-12) is divided by b.
14
Let q = 255 - 246. What is the remainder when 34 is divided by q?
7
Let n(z) be the first derivative of -5*z**2/2 - 3*z - 2. Calculate the remainder when n(-6) is divided by 10 + (8/(-4) - -7).
12
What is the remainder when 174/18*4*3/4 is divided by 10?
9
Suppose -20 = -5*r - 0*f + 2*f, -f - 1 = 2*r. Suppose 0*g + r*g = 18. Calculate the remainder when g is divided by 60/25 + (-75)/(-125).
0
Let u(b) = 3*b**2 + 2. Calculate the remainder when u(-5) is divided by 144/(-192) + 83/4.
17
Suppose 2*u - 406 = -5*d, 45*d + 5*u = 46*d - 92. Calculate the remainder when d is divided by 12.
10
Suppose -3*j - 108 = 3*n, 0 = -n - 0*n + j - 38. Let v be 0 + 55 + (-3 - (-9)/3). Let k = v + n. What is the remainder when k is div